 are the prime factors of 592?
2, 37
List the prime factors of 1535.
5, 307
List the prime factors of 3359.
3359
List the prime factors of 26912.
2, 29
List the prime factors of 910.
2, 5, 7, 13
List the prime factors of 57098.
2, 28549
What are the prime factors of 2271?
3, 757
List the prime factors of 296.
2, 37
What are the prime factors of 261?
3, 29
List the prime factors of 1369.
37
What are the prime factors of 1489?
1489
What are the prime factors of 1300?
2, 5, 13
List the prime factors of 1059.
3, 353
List the prime factors of 2114.
2, 7, 151
List the prime factors of 27401.
11, 47, 53
List the prime factors of 55902.
2, 3, 7, 11
List the prime factors of 16024.
2, 2003
What are the prime factors of 463?
463
List the prime factors of 16439.
17, 967
What are the prime factors of 960?
2, 3, 5
List the prime factors of 345.
3, 5, 23
List the prime factors of 1562.
2, 11, 71
List the prime factors of 8327.
11, 757
What are the prime factors of 1346?
2, 673
List the prime factors of 10816.
2, 13
List the prime factors of 1726.
2, 863
What are the prime factors of 14117?
19, 743
What are the prime factors of 25394?
2, 12697
List the prime factors of 100667.
7, 73, 197
List the prime factors of 2718.
2, 3, 151
List the prime factors of 1705.
5, 11, 31
List the prime factors of 1698.
2, 3, 283
What are the prime factors of 27?
3
What are the prime factors of 130787?
130787
What are the prime factors of 3478?
2, 37, 47
What are the prime factors of 5399?
5399
What are the prime factors of 13052?
2, 13, 251
What are the prime factors of 120148?
2, 7, 613
List the prime factors of 37526.
2, 29, 647
List the prime factors of 1662.
2, 3, 277
List the prime factors of 3590.
2, 5, 359
List the prime factors of 37518.
2, 3, 13, 37
What are the prime factors of 205?
5, 41
List the prime factors of 32804.
2, 59, 139
List the prime factors of 5999.
7, 857
List the prime factors of 136582.
2, 47, 1453
List the prime factors of 1125.
3, 5
What are the prime factors of 635?
5, 127
List the prime factors of 101205.
3, 5, 13, 173
What are the prime factors of 318?
2, 3, 53
List the prime factors of 1757.
7, 251
What are the prime factors of 2703?
3, 17, 53
What are the prime factors of 411?
3, 137
List the prime factors of 12669.
3, 41, 103
List the prime factors of 1001.
7, 11, 13
What are the prime factors of 880?
2, 5, 11
What are the prime factors of 12644?
2, 29, 109
What are the prime factors of 46987?
19, 2473
What are the prime factors of 78054?
2, 3, 13009
What are the prime factors of 1357?
23, 59
What are the prime factors of 56716?
2, 11, 1289
List the prime factors of 28244.
2, 23, 307
List the prime factors of 988.
2, 13, 19
List the prime factors of 3839.
11, 349
List the prime factors of 1954.
2, 977
What are the prime factors of 83820?
2, 3, 5, 11, 127
What are the prime factors of 3951?
3, 439
What are the prime factors of 4991?
7, 23, 31
List the prime factors of 5580.
2, 3, 5, 31
What are the prime factors of 562?
2, 281
List the prime factors of 77628.
2, 3, 6469
What are the prime factors of 251?
251
What are the prime factors of 46254?
2, 3, 13, 593
List the prime factors of 39076.
2, 9769
What are the prime factors of 5450?
2, 5, 109
What are the prime factors of 52399?
61, 859
List the prime factors of 24317.
24317
List the prime factors of 186358.
2, 93179
List the prime factors of 99.
3, 11
List the prime factors of 6925.
5, 277
What are the prime factors of 1315?
5, 263
List the prime factors of 22026.
2, 3, 3671
What are the prime factors of 2686?
2, 17, 79
List the prime factors of 9584.
2, 599
What are the prime factors of 5912?
2, 739
What are the prime factors of 15200?
2, 5, 19
List the prime factors of 36019.
181, 199
What are the prime factors of 38396?
2, 29, 331
List the prime factors of 51451.
23, 2237
List the prime factors of 4860.
2, 3, 5
What are the prime factors of 25479?
3, 19, 149
What are the prime factors of 184384?
2, 43, 67
List the prime factors of 46490.
2, 5, 4649
List the prime factors of 1182.
2, 3, 197
List the prime factors of 75041.
75041
What are the prime factors of 144126?
2, 3, 17, 157
List the prime factors of 20531.
7, 419
List the prime factors of 735.
3, 5, 7
What are the prime factors of 74316?
2, 3, 11, 563
What are the prime factors of 1544?
2, 193
What are the prime factors of 24419?
24419
What are the prime factors of 6800?
2, 5, 17
List the prime factors of 37358.
2, 18679
What are the prime factors of 971?
971
List the prime factors of 19.
19
List the prime factors of 2324.
2, 7, 83
List the prime factors of 106342.
2, 53171
List the prime factors of 4411.
11, 401
What are the prime factors of 1850?
2, 5, 37
List the prime factors of 1616.
2, 101
What are the prime factors of 325?
5, 13
What are the prime factors of 60?
2, 3, 5
List the prime factors of 5146.
2, 31, 83
What are the prime factors of 11829?
3, 3943
List the prime factors of 15200.
2, 5, 19
List the prime factors of 24485.
5, 59, 83
What are the prime factors of 45141?
3, 41, 367
What are the prime factors of 767?
13, 59
What are the prime factors of 955?
5, 191
List the prime factors of 4380.
2, 3, 5, 73
List the prime factors of 1081.
23, 47
List the prime factors of 4647.
3, 1549
List the prime factors of 2323.
23, 101
What are the prime factors of 28594?
2, 17, 29
What are the prime factors of 44671?
11, 31, 131
List the prime factors of 103.
103
What are the prime factors of 39165?
3, 5, 7, 373
What are the prime factors of 5240?
2, 5, 131
What are the prime factors of 19400?
2, 5, 97
List the prime factors of 3001.
3001
List the prime factors of 14083.
14083
List the prime factors of 9931.
9931
What are the prime factors of 296?
2, 37
List the prime factors of 1204.
2, 7, 43
List the prime factors of 14919.
3, 4973
List the prime factors of 7022.
2, 3511
What are the prime factors of 527?
17, 31
What are the prime factors of 127220?
2, 5, 6361
What are the prime factors of 6353?
6353
What are the prime factors of 1981?
7, 283
List the prime factors of 17543.
53, 331
What are the prime factors of 1356?
2, 3, 113
List the prime factors of 1169.
7, 167
List the prime factors of 847.
7, 11
List the prime factors of 415.
5, 83
List the prime factors of 66305.
5, 89, 149
What are the prime factors of 2508?
2, 3, 11, 19
What are the prime factors of 318?
2, 3, 53
List the prime factors of 671.
11, 61
What are the prime factors of 2221?
2221
List the prime factors of 598.
2, 13, 23
List the prime factors of 793.
13, 61
What are the prime factors of 88091?
137, 643
List the prime factors of 34829.
29, 1201
List the prime factors of 660.
2, 3, 5, 11
List the prime factors of 905.
5, 181
List the prime factors of 67155.
3, 5, 11, 37
List the prime factors of 6199.
6199
What are the prime factors of 855?
3, 5, 19
List the prime factors of 22148.
2, 7, 113
What are the prime factors of 20942?
2, 37, 283
What are the prime factors of 18951?
3, 6317
List the prime factors of 18873.
3, 233
List the prime factors of 32960.
2, 5, 103
What are the prime factors of 65786?
2, 7, 37, 127
What are the prime factors of 5694?
2, 3, 13, 73
List the prime factors of 1676.
2, 419
List the prime factors of 25226.
2, 12613
What are the prime factors of 85927?
29, 2963
List the prime factors of 25377.
3, 11, 769
List the prime factors of 40467.
3, 7, 41, 47
List the prime factors of 22196.
2, 31, 179
What are the prime factors of 7538?
2, 3769
What are the prime factors of 5734?
2, 47, 61
List the prime factors of 15461.
15461
What are the prime factors of 11340?
2, 3, 5, 7
List the prime factors of 3320.
2, 5, 83
List the prime factors of 52.
2, 13
What are the prime factors of 5960?
2, 5, 149
List the prime factors of 58995.
3, 5, 19, 23
List the prime factors of 34438.
2, 67, 257
What are the prime factors of 2539?
2539
What are the prime factors of 145018?
2, 31, 2339
List the prime factors of 887.
887
What are the prime factors of 7864?
2, 983
What are the prime factors of 56558?
2, 28279
What are the prime factors of 1456?
2, 7, 13
List the prime factors of 22049.
17, 1297
List the prime factors of 40550.
2, 5, 811
List the prime factors of 291.
3, 97
What are the prime factors of 12211?
12211
What are the prime factors of 514?
2, 25